{"id":1724,"date":"2025-03-07T13:23:23","date_gmt":"2025-03-07T12:23:23","guid":{"rendered":"https:\/\/perteaigua.aiguesmanresa.cat\/esdeveniment\/administracion-local-y-gestion-del-agua\/"},"modified":"2025-03-07T13:23:23","modified_gmt":"2025-03-07T12:23:23","slug":"administracion-local-y-gestion-del-agua","status":"publish","type":"tribe_events","link":"https:\/\/perteaigua.aiguesmanresa.cat\/es\/esdeveniment\/administracion-local-y-gestion-del-agua\/","title":{"rendered":"Administraci\u00f3n local y gesti\u00f3n del agua"},"content":{"rendered":"<p>Sergi Grau presentar\u00e1 nuestra experiencia con el PERTE en la formaci\u00f3n \u00abAdministraci\u00f3n local y gesti\u00f3n del agua\u00bb organizada por el Colegio de Ambient\u00f3logos de Catalu\u00f1a.<\/p>\n","protected":false},"excerpt":{"rendered":"<p>Sergi Grau presentar\u00e1 nuestra experiencia con el PERTE en la formaci\u00f3n \u00abAdministraci\u00f3n local y gesti\u00f3n del agua\u00bb organizada por el Colegio de Ambient\u00f3logos de Catalu\u00f1a.<\/p>\n","protected":false},"author":2,"featured_media":0,"template":"","meta":{"_et_pb_use_builder":"","_et_pb_old_content":"","_et_gb_content_width":"","_tribe_events_status":"","_tribe_events_status_reason":"","footnotes":""},"tags":[],"tribe_events_cat":[21],"class_list":["post-1724","tribe_events","type-tribe_events","status-publish","hentry","tribe_events_cat-conferencias","cat_conferencias"],"_links":{"self":[{"href":"https:\/\/perteaigua.aiguesmanresa.cat\/es\/wp-json\/wp\/v2\/tribe_events\/1724","targetHints":{"allow":["GET"]}}],"collection":[{"href":"https:\/\/perteaigua.aiguesmanresa.cat\/es\/wp-json\/wp\/v2\/tribe_events"}],"about":[{"href":"https:\/\/perteaigua.aiguesmanresa.cat\/es\/wp-json\/wp\/v2\/types\/tribe_events"}],"author":[{"embeddable":true,"href":"https:\/\/perteaigua.aiguesmanresa.cat\/es\/wp-json\/wp\/v2\/users\/2"}],"version-history":[{"count":0,"href":"https:\/\/perteaigua.aiguesmanresa.cat\/es\/wp-json\/wp\/v2\/tribe_events\/1724\/revisions"}],"wp:attachment":[{"href":"https:\/\/perteaigua.aiguesmanresa.cat\/es\/wp-json\/wp\/v2\/media?parent=1724"}],"wp:term":[{"taxonomy":"post_tag","embeddable":true,"href":"https:\/\/perteaigua.aiguesmanresa.cat\/es\/wp-json\/wp\/v2\/tags?post=1724"},{"taxonomy":"tribe_events_cat","embeddable":true,"href":"https:\/\/perteaigua.aiguesmanresa.cat\/es\/wp-json\/wp\/v2\/tribe_events_cat?post=1724"}],"curies":[{"name":"wp","href":"https:\/\/api.w.org\/{rel}","templated":true}]}}

Administración local y gestión del agua

<p>Sergi Grau presentará nuestra experiencia con el PERTE en la formación «Administración local y gestión del agua» organizada por el Colegio de Ambientólogos de Cataluña.</p>
